{"id":9,"date":"2016-08-20T08:58:39","date_gmt":"2016-08-20T06:58:39","guid":{"rendered":"http:\/\/espaceressources.com\/?page_id=9"},"modified":"2020-05-24T14:58:18","modified_gmt":"2020-05-24T12:58:18","slug":"presentation2","status":"publish","type":"page","link":"https:\/\/www.espaceressources.com\/accueil\/presentation2\/","title":{"rendered":"Pr\u00e9sentation"},"content":{"rendered":"<p class=\"Body\"><span style=\"font-size: 12pt; font-family: tahoma, arial, helvetica, sans-serif;\"><span class=\"style\">espace ressources s\u00e0rl est une petite structure cr\u00e9\u00e9e en 2004 et dirig\u00e9e par<\/span><span class=\"style_1\">\u00a0<a href=\"http:\/\/espaceressources.com\/sylviane-pfistner\/\">Sylviane Pfistner <\/a><\/span><\/span><\/p>\n<p class=\"Body\"><span style=\"font-size: 12pt; font-family: tahoma, arial, helvetica, sans-serif;\"><span class=\"style\">Notre philosophie de travail oblige la souplesse et la cr\u00e9ativit\u00e9, ce qui implique un fonctionnement en\u00a0<\/span>r\u00e9seau\u00a0<span class=\"style\">de praticiens impliqu\u00e9s : \u00e9ducateurs, formateurs, psychologues, animateurs, superviseurs, enseignants, th\u00e9rapeutes&#8230;. afin d\u2019\u00eatre au plus pr\u00e8s des besoins et des ressources, tout en garantissant une qualit\u00e9 d\u2019interventions.<\/span><\/span><\/p>\n<p class=\"Body\" style=\"text-align: center;\"><span style=\"font-size: 12pt; font-family: tahoma, arial, helvetica, sans-serif;\"><strong><span class=\"style_1\">Une action en commun pour agir ensemble<\/span><\/strong><span class=\"style\"><br \/><\/span><\/span><\/p>\n<p class=\"Body\"><span class=\"style\" style=\"font-size: 12pt; font-family: tahoma, arial, helvetica, sans-serif;\">Toutes nos actions sont concr\u00e8tes, pratiques et sont le fruit de nos formations et de notre exp\u00e9rience de terrain.<br \/><\/span><\/p>\n<p class=\"Body\"><span class=\"style\" style=\"font-size: 12pt; font-family: tahoma, arial, helvetica, sans-serif;\">Nous sommes actifs dans diff\u00e9rents r\u00e9seaux de proximit\u00e9 qui oeuvrent dans le domaine associatif, de l\u2019\u00e9ducation, de l\u2019encadrement, de la politique sociale et de la formation.\u00a0\u00a0\u00a0\u00a0\u00a0\u00a0\u00a0\u00a0\u00a0\u00a0\u00a0\u00a0\u00a0\u00a0\u00a0\u00a0\u00a0\u00a0\u00a0\u00a0\u00a0\u00a0<\/span><\/p>\n\n\n<p><\/p>\n","protected":false},"excerpt":{"rendered":"<p>espace ressources s\u00e0rl est une petite structure cr\u00e9\u00e9e en 2004 et dirig\u00e9e par\u00a0Sylviane Pfistner Notre philosophie de travail oblige la souplesse et la cr\u00e9ativit\u00e9, ce qui implique un fonctionnement en\u00a0r\u00e9seau\u00a0de praticiens impliqu\u00e9s : \u00e9ducateurs, formateurs, psychologues, animateurs, superviseurs, enseignants, th\u00e9rapeutes&#8230;. afin d\u2019\u00eatre au plus pr\u00e8s des besoins et des ressources, tout en garantissant une qualit\u00e9 [&hellip;]<\/p>\n","protected":false},"author":1,"featured_media":0,"parent":0,"menu_order":3,"comment_status":"closed","ping_status":"closed","template":"","meta":{"footnotes":""},"class_list":["post-9","page","type-page","status-publish","hentry"],"_links":{"self":[{"href":"https:\/\/www.espaceressources.com\/accueil\/wp-json\/wp\/v2\/pages\/9","targetHints":{"allow":["GET"]}}],"collection":[{"href":"https:\/\/www.espaceressources.com\/accueil\/wp-json\/wp\/v2\/pages"}],"about":[{"href":"https:\/\/www.espaceressources.com\/accueil\/wp-json\/wp\/v2\/types\/page"}],"author":[{"embeddable":true,"href":"https:\/\/www.espaceressources.com\/accueil\/wp-json\/wp\/v2\/users\/1"}],"replies":[{"embeddable":true,"href":"https:\/\/www.espaceressources.com\/accueil\/wp-json\/wp\/v2\/comments?post=9"}],"version-history":[{"count":13,"href":"https:\/\/www.espaceressources.com\/accueil\/wp-json\/wp\/v2\/pages\/9\/revisions"}],"predecessor-version":[{"id":417,"href":"https:\/\/www.espaceressources.com\/accueil\/wp-json\/wp\/v2\/pages\/9\/revisions\/417"}],"wp:attachment":[{"href":"https:\/\/www.espaceressources.com\/accueil\/wp-json\/wp\/v2\/media?parent=9"}],"curies":[{"name":"wp","href":"https:\/\/api.w.org\/{rel}","templated":true}]}}