{"id":1001,"date":"2024-03-27T19:28:50","date_gmt":"2024-03-27T18:28:50","guid":{"rendered":"https:\/\/www.espaceressources.com\/bienvenue\/?page_id=1001"},"modified":"2024-03-27T19:30:17","modified_gmt":"2024-03-27T18:30:17","slug":"accueil","status":"publish","type":"page","link":"https:\/\/www.espaceressources.com\/accueil\/accueil\/","title":{"rendered":"Accueil"},"content":{"rendered":"\n<p>espace ressources s\u00e0rl est une petite structure cr\u00e9\u00e9e en 2004 et dirig\u00e9e par&nbsp;<a href=\"http:\/\/espaceressources.com\/sylviane-pfistner\/\">Sylviane Pfistner&nbsp;<\/a><\/p>\n\n\n\n<p>Notre philosophie de travail oblige la souplesse et la cr\u00e9ativit\u00e9, ce qui implique un fonctionnement en&nbsp;r\u00e9seau&nbsp;de praticiens impliqu\u00e9s : \u00e9ducateurs, formateurs, psychologues, animateurs, superviseurs, enseignants, th\u00e9rapeutes&#8230;. afin d\u2019\u00eatre au plus pr\u00e8s des besoins et des ressources, tout en garantissant une qualit\u00e9 d\u2019interventions.<\/p>\n\n\n\n<p><strong>Une action en commun pour agir ensemble<\/strong><\/p>\n\n\n\n<p>Toutes nos actions sont concr\u00e8tes, pratiques et sont le fruit de nos formations et de notre exp\u00e9rience de terrain.<\/p>\n\n\n\n<p>Nous sommes actifs dans diff\u00e9rents r\u00e9seaux de proximit\u00e9 qui oeuvrent dans le domaine associatif, de l\u2019\u00e9ducation, de l\u2019encadrement, de la politique sociale et de la formation.&nbsp;&nbsp;&nbsp;&nbsp;&nbsp;&nbsp;&nbsp;&nbsp;&nbsp;&nbsp;&nbsp;&nbsp;&nbsp;&nbsp;&nbsp;&nbsp;&nbsp;&nbsp;&nbsp;&nbsp;&nbsp;&nbsp;<\/p>\n","protected":false},"excerpt":{"rendered":"<p>espace ressources s\u00e0rl est une petite structure cr\u00e9\u00e9e en 2004 et dirig\u00e9e par&nbsp;Sylviane Pfistner&nbsp; Notre philosophie de travail oblige la souplesse et la cr\u00e9ativit\u00e9, ce qui implique un fonctionnement en&nbsp;r\u00e9seau&nbsp;de praticiens impliqu\u00e9s : \u00e9ducateurs, formateurs, psychologues, animateurs, superviseurs, enseignants, th\u00e9rapeutes&#8230;. afin d\u2019\u00eatre au plus pr\u00e8s des besoins et des ressources, tout en garantissant une qualit\u00e9 [&hellip;]<\/p>\n","protected":false},"author":1,"featured_media":0,"parent":0,"menu_order":0,"comment_status":"closed","ping_status":"closed","template":"","meta":{"footnotes":""},"class_list":["post-1001","page","type-page","status-publish","hentry"],"_links":{"self":[{"href":"https:\/\/www.espaceressources.com\/accueil\/wp-json\/wp\/v2\/pages\/1001","targetHints":{"allow":["GET"]}}],"collection":[{"href":"https:\/\/www.espaceressources.com\/accueil\/wp-json\/wp\/v2\/pages"}],"about":[{"href":"https:\/\/www.espaceressources.com\/accueil\/wp-json\/wp\/v2\/types\/page"}],"author":[{"embeddable":true,"href":"https:\/\/www.espaceressources.com\/accueil\/wp-json\/wp\/v2\/users\/1"}],"replies":[{"embeddable":true,"href":"https:\/\/www.espaceressources.com\/accueil\/wp-json\/wp\/v2\/comments?post=1001"}],"version-history":[{"count":2,"href":"https:\/\/www.espaceressources.com\/accueil\/wp-json\/wp\/v2\/pages\/1001\/revisions"}],"predecessor-version":[{"id":1005,"href":"https:\/\/www.espaceressources.com\/accueil\/wp-json\/wp\/v2\/pages\/1001\/revisions\/1005"}],"wp:attachment":[{"href":"https:\/\/www.espaceressources.com\/accueil\/wp-json\/wp\/v2\/media?parent=1001"}],"curies":[{"name":"wp","href":"https:\/\/api.w.org\/{rel}","templated":true}]}}